hat is -4273114 (base 8) in base 7?
-12504301
Convert -2410245 (base 6) to base 11.
-86586
What is 431665 (base 9) in base 5?
31212103
-2a4376 (base 12) to base 11
-44730a
-24cad (base 15) to base 14
-30c0d
What is -3684987 (base 10) in base 16?
-383a7b
What is 2031211 (base 5) in base 11?
23029
Convert 3a15a8 (base 12) to base 10.
956432
What is -1000311000232 (base 4) in base 10?
-16994350
5200103 (base 6) to base 3
110122101110
What is 40420410 (base 5) in base 12?
138a43
What is -151a24 (base 11) in base 5?
-30034243
-1733711 (base 10) to base 14
-331b67
What is 210122211 (base 4) in base 10?
149157
What is 12304241342 (base 5) in base 11?
8468033
What is 145502 (base 9) in base 12?
43855
What is 12163a1 (base 13) in base 6?
320140240
-276344 (base 8) to base 14
-2776c
-223234442 (base 5) to base 11
-619169
What is 1141014324 (base 5) in base 15?
37c05e
21010020022 (base 3) to base 7
1122365
Convert 1b4b842 (base 13) to base 5.
4304111344
What is 69d61 (base 14) in base 5?
31222300
What is -14072891 (base 10) in base 7?
-230421560
What is 1200110220 (base 3) in base 11?
229aa
Convert -153616 (base 11) to base 6.
-5042240
Convert -231222311301 (base 4) to base 14.
-1838d57
Convert 213003202133 (base 4) to base 9.
21234038
-221101101022 (base 3) to base 12
-20118b
What is 11604130 (base 7) in base 12?
423a44
What is -3031132 (base 6) in base 16?
-23300
Convert 4e11 (base 15) to base 9.
24767
Convert -25552bb (base 12) to base 16.
-6fd46f
Convert 1320461 (base 7) to base 2.
101010010000110111
-202223133030 (base 4) to base 9
-18085473
Convert 3021211130 (base 4) to base 10.
825692
-25650524 (base 7) to base 11
-1364467
What is -199596 (base 12) in base 14?
-ba946
What is -1010110100011001111 (base 2) in base 3?
-200000022001
What is -20943 (base 14) in base 7?
-445213
-631155 (base 9) to base 3
-201001011212
What is 21113331 (base 4) in base 14?
ddc9
27865 (base 15) to base 11
87276
2101002022 (base 3) to base 15
dc98
-327b88 (base 15) to base 11
-13a3402
Convert 4012 (base 13) to base 9.
13061
What is 1a51722 (base 13) in base 9?
17307787
Convert 2ab2d (base 15) to base 13.
4a794
What is 581522 (base 12) in base 15?
1cd7d2
312634 (base 14) to base 4
12110323212
What is 413323454 (base 6) in base 15?
967ee4
28f20e (base 16) to base 7
31544225
Convert -2253553 (base 6) to base 13.
-40b7b
Convert -283381 (base 13) to base 7.
-11213056
What is 1314783 (base 10) in base 16?
140fdf
What is 58765b (base 12) in base 14?
290887
What is 83737 (base 11) in base 4?
131302120
Convert 508194 (base 10) to base 14.
d32b8
-52762 (base 14) to base 5
-22332101
-b1146b (base 13) to base 4
-33230310202
-99ab6 (base 13) to base 12
-115319
What is -483099 (base 11) in base 4?
-2322313321
What is 5580344 (base 11) in base 8?
45236567
Convert 2250115 (base 8) to base 15.
c0cc1
Convert -474017 (base 8) to base 3.
-22012221212
5a23 (base 16) to base 11
16378
Convert -25244 (base 6) to base 12.
-2224
84399 (base 13) to base 4
322011111
Convert -324025 (base 6) to base 10.
-26801
Convert -3b13b2 (base 15) to base 12.
-b4b095
Convert -4798b (base 15) to base 7.
-1640354
What is 50552570 (base 8) in base 6?
1020421000
Convert 201314133 (base 6) to base 2.
1101000101110000001001
Convert -304296 (base 10) to base 12.
-128120
What is -1301303130 (base 4) in base 6?
-13554020
Convert 79d (base 16) to base 10.
1949
100241142 (base 5) to base 10
399547
What is -2723300 (base 9) in base 8?
-5541501
What is -2537388 (base 9) in base 10?
-1383236
What is 13478c (base 13) in base 9?
781618
Convert -8b601 (base 12) to base 8.
-552641
Convert 1000110010010111 (base 2) to base 10.
35991
Convert -40230574 (base 8) to base 15.
-b23a42
Convert -a86e4e (base 16) to base 4.
-222012321032
What is 352749 (base 11) in base 9?
1043053
-20212220102 (base 3) to base 7
-1103054
-1949641 (base 11) to base 15
-45078e
Convert -70f7a0 (base 16) to base 3.
-111221010120220
Convert 101100111000001000101 (base 2) to base 4.
11213001011
Convert 118996 (base 16) to base 3.
2011101120221
-270dc4 (base 15) to base 13
-508cc9
Convert -10ba7a (base 13) to base 12.
-171a83
What is -1463075 (base 8) in base 4?
-1212120331
Convert -1021022211121 (base 3) to base 14.
-13833a
What is 1033440112 (base 5) in base 12?
9058a7
Convert 130173 (base 10) to base 15.
28883
What is -1543046 (base 7) in base 6?
-4315035
-214231 (base 9) to base 14
-347c1
4353aa (base 11) to base 15
db010
-4026a (base 14) to base 4
-211220212
Convert -10011011111001111100 (base 2) to base 5.
-130413323
Convert -311b88 (base 15) to base 5.
-1044202403
-2102025 (base 7) to base 10
-252810
-20122022201201 (base 3) to base 4
-31131232111
Convert c5109 (base 16) to base 11.
501498
-cd904 (base 15) to base 6
-22001004
Convert 18464a7 (base 12) to base 16.
4d5f3f
What is -103451266 (base 7) in base 12?
-20aa5ba
Convert -35232154 (base 6) to base 9.
-2045317
5335405 (base 9) to base 16
2b9c19
14b870 (base 13) to base 3
221222011101
Convert -10292a (base 13) to base 11.
-23847a
47358 (base 11) to base 14
1ac71
22b74 (base 13) to base 5
4012340
-10100110111010000011 (base 2) to base 10
-683651
What is 125522511 (base 6) in base 15?
34a224
Convert 12110202202000 (base 3) to base 5.
1221033041
What is 78801 (base 11) in base 2?
11011110110111000
11101111100100010100111 (base 2) to base 5
4002201101
What is 2331221223 (base 5) in base 8?
24265405
Convert -211201220022 (base 3) to base 13.
-128918
Convert -330025 (base 9) to base 13.
-6b7a7
Convert -330130123 (base 4) to base 11.
-15a012
Convert 17c97b (base 13) to base 8.
2222247
-64354 (base 7) to base 2
-11111001011100
What is 37a9a (base 11) in base 15?
11274
Convert 203332513 (base 7) to base 9.
24420114
-6241 (base 10) to base 9
-8504
44482 (base 13) to base 10
123814
56000204 (base 7) to base 3
100002001212222
-234168 (base 9) to base 7
-1124420
Convert 7b5181 (base 16) to base 12.
2858b69
Convert 461273 (base 14) to base 2.
1001000110010010000101
What is 404511 (base 6) in base 5?
2012110
What is -cca06 (base 13) in base 4?
-1122201220
3132331 (base 5) to base 16
cbf8
What is -10344145 (base 7) in base 11?
-554a26
Convert -cdcbd8 (base 14) to base 6.
-405442254
Convert 101eb (base 16) to base 11.
45675
Convert -111202100020 (base 3) to base 10.
-270708
Convert -144222430 (base 5) to base 3.
-1110022000210
-28cb (base 13) to base 15
-1b43
Convert 10342203 (base 5) to base 7.
524163
-102001122020 (base 3) to base 7
-1564500
-69a0b (base 16) to base 13
-121c0b
-330020 (base 8) to base 3
-12121201121
What is -516508 (base 11) in base 15?
-115730
What is -2b6c8 (base 13) in base 12?
-3b883
Convert -104551 (base 7) to base 8.
-44034
-12001041 (base 5) to base 15
-226b6
What is 10101101110011010000 (base 2) in base 11?
446941
110000111001001110111 (base 2) to base 16
187277
Convert -28349 (base 15) to base 7.
-1045035
-101010000010000010 (base 2) to base 4
-222002002
609012 (base 12) to base 9
2748315
Convert -411a2 (base 11) to base 7.
-340205
What is 48cc2 (base 13) in base 4?
200231312
3413945 (base 12) to base 6
553530125
Convert -1404045 (base 7) to base 16.
-2d7aa
Convert 1120221121222 (base 3) to base 10.
845369
Convert -672b13 (base 12) to base 15.
-226d19
7f024c (base 16) to base 12
2954b24
432442142 (base 5) to base 7
21445260
What is d514d (base 14) in base 5?
112412033
What is -11110110000010110001 (base 2) in base 4?
-3312002301
-53275005 (base 8) to base 11
-6465743
11120113 (base 4) to base 2
101011000010111
What is -15017087 (base 9) in base 11?
-422a810
Convert -1133132 (base 7) to base 14.
-3a052
11042303 (base 5) to base 11
66619
14c466 (base 13) to base 14
d4b89
Convert 306754 (base 9) to base 16.
2c779
What is 4440433 (base 5) in base 8?
227462
What is e1ac (base 16) in base 2?
1110000110101100
Convert 20220011202112 (base 3) to base 2.
1101111110101001111100
-52026262 (base 7) to base 12
-15631a7
77654 (base 9) to base 2
1100100101101101
27a06 (base 14) to base 6
2033422
What is 51331531 (base 6) in base 5?
334131332
23099 (base 12) to base 13
1839c
20323 (base 10) to base 11
142a6
556147 (base 8) to base 5
21444440
375e7 (base 16) to base 6
4505543
What is 44135546 (base 7) in base 6?
213125512
What is 1661b (base 15) in base 8?
215073
What is 13ba80 (base 12) in base 13?
b7c06